 + 1184. What is y(341)?
502
Let x(h) = h**3 + 122*h**2 - 2056*h - 618. Determine x(-137).
-481
Let g(x) = -1213*x - 31587. Determine g(-26).
-49
Let c(i) = 4*i**3 + 403*i**2 - 107*i - 526. Give c(-101).
80
Let l(q) = 235713*q + 471433. Give l(-2).
7
Let l(j) = 21356*j - 192176. What is l(9)?
28
Let k(r) = 5*r**2 + 5538*r + 27664. Determine k(-5).
99
Let f(m) = m**3 + 448*m**2 + 2647*m - 2196. Give f(-442).
14
Let v(g) = 23*g**3 - 13*g**2 - 85*g + 323. What is v(5)?
2448
Let k(u) = -u**2 + 3334*u + 2419516. Determine k(-613).
5
Let p(b) = 2161*b + 185890. What is p(-86)?
44
Let z(w) = -93*w**2 - 13*w + 44. Give z(2).
-354
Let c(w) = 26626*w - 2982123. Calculate c(112).
-11
Let o(d) = -77*d - 2649. Give o(-34).
-31
Let g(s) = -28*s - 2764. Determine g(-122).
652
Let d(z) = -21*z**2 - 419*z + 3386. Determine d(-26).
84
Let g(m) = m**3 - 57*m**2 + 243*m - 124. Give g(4).
0
Let a(c) = 3*c**3 - 195*c**2 + 391*c - 201. Give a(63).
618
Let d(n) = -66*n - 5268. What is d(-101)?
1398
Let h(p) = p**3 - 55*p**2 + 409*p - 10. Determine h(8).
254
Let o(m) = 30246*m - 423458. Determine o(14).
-14
Let h(l) = l**2 + 67071*l + 8. What is h(0)?
8
Let v(i) = i**3 + 80*i**2 + 575*i - 136. Give v(-72).
-64
Let g(w) = 2318*w - 1940. Determine g(1).
378
Let f(y) = 33*y**2 - 2448*y + 2445. Give f(1).
30
Let j(n) = 698*n - 11852. Calculate j(17).
14
Let n(f) = -32*f**2 + 125*f + 1082. Give n(-9).
-2635
Let n(h) = -h**2 - 9582*h - 86125. Determine n(-9).
32
Let x(j) = -6*j**3 - 13*j**2 + 102*j + 283. Determine x(-4).
51
Let q(j) = 75*j + 4929. Calculate q(-71).
-396
Let s(v) = -v**3 + 96*v**2 - 2306*v + 1349. Calculate s(43).
188
Let o(f) = 932*f + 202090. What is o(-217)?
-154
Let d(n) = n**2 - 229*n + 9394. Calculate d(57).
-410
Let v(b) = -2404*b - 1074531. Determine v(-447).
57
Let d(b) = -b**3 - 50*b**2 - 460*b + 3416. Give d(-33).
83
Let q(i) = 3204*i - 105550. Give q(33).
182
Let i(u) = -15029*u + 300618. Determine i(20).
38
Let v(w) = -24998*w - 1399890. Calculate v(-56).
-2
Let x(z) = -z**3 - 49*z**2 - 619*z - 256. Calculate x(-29).
875
Let n(u) = 77*u - 1520. Calculate n(21).
97
Let m(c) = -c**3 - 20*c**2 - 106*c + 121. Calculate m(-16).
793
Let y(j) = -1860*j + 20235. Determine y(10).
1635
Let j(x) = -1432*x - 1026754. Give j(-717).
-10
Let w(q) = -24*q**2 - 2454*q - 603. Give w(-102).
9
Let o(s) = 1456*s + 74332. Calculate o(-51).
76
Let c(m) = m**3 - 18*m**2 + 8*m - 166. Calculate c(-9).
-2425
Let d(i) = 1018*i - 8132. Determine d(8).
12
Let j(o) = o**3 + 409*o**2 + 12421*o + 4907. Calculate j(-376).
19
Let p(a) = -498*a**2 - 45807*a + 835. Give p(-92).
7
Let l(m) = -m**3 + 12*m**2 + 1909*m - 6862. Calculate l(-40).
-22
Let h(c) = -36554*c + 438550. Determine h(12).
-98
Let z(m) = 290*m**2 - 20309*m + 626. Give z(70).
-4
Let n(f) = 198484*f + 10718117. Calculate n(-54).
-19
Let l(j) = 1941*j - 56200. Calculate l(29).
89
Let q(m) = -2*m**3 + 313*m**2 - 5573*m - 31319. Calculate q(135).
1
Let b(p) = -3*p**3 - 130*p**2 - 47*p - 50. Give b(-43).
122
Let k(t) = 185*t + 831. Give k(-5).
-94
Let q(s) = -3*s**3 + 4*s**2 + 11*s + 5. Give q(-3).
89
Let y(p) = -79759*p - 478653. What is y(-6)?
-99
Let p(h) = 3*h**3 - 706*h**2 - 569*h - 145995. Give p(237).
-3
Let q(i) = -4096*i - 127227. What is q(-31)?
-251
Let g(t) = -230*t**3 - 2*t**2 + 252*t + 498. Calculate g(-2).
1826
Let f(y) = 70*y**2 - 807*y - 2333. What is f(-3)?
718
Let y(z) = -3*z**2 + 295*z - 367. Give y(98).
-269
Let k(v) = -171*v**2 - 3705*v + 1251. Give k(-22).
-3
Let b(v) = 4*v**3 - 72*v**2 + 315*v - 5670. Calculate b(18).
0
Let y(v) = 10480*v + 125763. Calculate y(-12).
3
Let z(g) = 76824*g + 384431. What is z(-5)?
311
Let h(x) = -43*x**2 + 278*x + 306. Determine h(7).
145
Let p(v) = v**3 - 42*v**2 + 21*v + 1356. Determine p(41).
536
Let q(d) = 39859*d + 119639. Give q(-3).
62
Let i(d) = d**3 - 42*d**2 + 558*d - 17248. Give i(39).
-49
Let i(q) = -18*q**2 + 1136*q + 7884. Give i(-7).
-950
Let q(i) = 14*i**2 + 640*i - 6901. Calculate q(9).
-7
Let v(y) = -y**2 - 31546*y + 252424. What is v(8)?
-8
Let q(r) = -2*r**3 + 10*r**2 - 22798*r + 136871. Determine q(6).
11
Let y(l) = 7257*l - 137848. Calculate y(19).
35
Let m(w) = -3*w**2 + 384*w - 747. What is m(126)?
9
Let y(k) = 33*k**3 + 624*k**2 - 73*k - 275. What is y(-19)?
29
Let v(b) = 3*b**2 + 200*b + 2139. Determine v(-9).
582
Let u(q) = 2521*q**2 - 16*q + 8. What is u(-1)?
2545
Let m(x) = -2*x**2 - 2066*x - 398833. Give m(-257).
31
Let t(n) = -11*n**2 + 336*n - 6171. Give t(24).
-4443
Let t(l) = 91*l**2 - 4229*l + 1960. What is t(46)?
-18
Let b(v) = -5866*v + 29821. Calculate b(6).
-5375
Let x(f) = f**2 + 15036*f + 1715937. Give x(-115).
22
Let y(o) = 5*o**2 + 267*o + 224. What is y(-53)?
118
Let q(h) = 3*h**2 + 6980*h - 55803. Calculate q(8).
229
Let h(n) = -1975*n**2 - 1638*n - 4. Calculate h(-1).
-341
Let c(p) = -14771*p + 14974. Determine c(1).
203
Let h(x) = -35774*x + 8800407. Calculate h(246).
3
Let o(m) = -5*m**2 + 290*m + 23277. Give o(103).
102
Let p(x) = -421*x + 2823. Give p(5).
718
Let c(y) = 838*y - 22670. Determine c(27).
-44
Let s(g) = -1751243*g + 14009957. Calculate s(8).
13
Let s(m) = -36*m**2 - 1209*m - 6037. Determine s(-5).
-892
Let x(f) = -16794*f + 1192380. Give x(71).
6
Let o(a) = 5918828*a + 23675319. Give o(-4).
7
Let r(f) = 6*f**2 - 472*f - 725. Determine r(82).
915
Let x(s) = -921*s - 48770. Give x(-53).
43
Let k(p) = 59*p - 2221. Determine k(39).
80
Let k(f) = 280*f**2 - 13444*f + 164. Determine k(48).
-28
Let w(b) = 29*b - 453. Give w(-6).
-627
Let y(t) = -31*t**2 - 1952*t - 1064. What is y(-62)?
796
Let l(k) = 7*k**3 + 8*k**2 - 166*k - 961. Give l(-6).
-1189
Let k(h) = h**3 - 9*h**2 + 23373*h - 257359. Calculate k(11).
-14
Let r(z) = 2*z**3 + 946*z**2 - 865*z + 39347. Determine r(-474).
5
Let a(s) = -5*s + 186. What is a(-8)?
226
Let u(c) = 6902*c + 165977. Determine u(-24).
329
Let g(k) = -354*k + 5929. What is g(17)?
-89
Let u(v) = 3*v**3 - 101*v**2 + 348*v - 6011. What is u(32)?
5
Let g(a) = -303*a + 174. Determine g(1).
-129
Let k(p) = -p**3 + 484*p**2 - 15849*p + 60167. Determine k(449).
1
Let s(f) = -3*f**3 - 625*f**2 - 216*f - 996. What is s(-208)?
668
Let u(x) = -3*x**3 - 1098*x**2 + 18*x + 6594. Calculate u(-366).
6
Let h(a) = -a**2 + 339*a - 22563. Determine h(85).
-973
Let r(f) = f**2 - 867*f + 60181. Give r(791).
65
Let d(w) = -1635*w**2 + 13077*w + 17. Calculate d(8).
-7
Let l(r) = -5417*r + 37737. Calculate l(7).
-182
Let u(w) = -15*w**2 + 444*w - 465. Give u(15).
2820
Let h(u) = 2*u**3 + 18*u**2 + 173*u - 2463. Give h(7).
316
Let a(g) = g**3 + 312*g**2 - 978*g - 10388. Calculate a(-315).
7
Let r(l) = -10*l**2 - 280*l + 1940. Give r(6).
-100
Let s(b) = 64884*b - 5450258. Determine s(84).
-2
Let r(o) = -17*o - 321. Determine r(7).
-440
Let s(p) = 1630*p - 47286. Give s(29).
-16
Let v(d) = 9124*d + 91340. Calculate v(-10).
100
Let d(r) = r**2 + 194*r - 28923. Calculate d(98).
-307
Let h(y) = -5903*y - 330568. Calculate h(-56).
0
Let m(d) = 153*d**2 + 6*d + 111. Determine m(-4).
2535
Let f(z) = -235*z - 890. Give f(-6).
520
Let g(l) = -439363*l + 17574524. What is g(40)?
4
Let z(l) = -410*l**2 - 3248*l + 47. Give z(-8).
-209
Let i(k) = -251*k + 12455. Calculate i(49).
156
Let i(u) = u**2 + 1513*u - 44681. Calculate i(29).
37
Let u(s) = -137*s + 1014. Calculate u(8).
-82
Let p(w) = 512912*w + 2564557. Calculate p(-5).
-3
Let a(l) = 10*l**2 + 885*l - 85965. Calculate a(-147).
30
Let w(j) = -6597*j - 171595. Calculate w(-26).
-73
Let b(z) = 38*z**2 + 516*z + 73. Calculate b(-19).
3987
Let g(b) = 118*b - 1776. Give g(12).
-360
Let z(o) = -3*o**3 - 1765*o**2 + 8266*o - 21339. Give z(-593).
9
Let q(s) = -3*s**2 + 106*s - 925. Give q(14).
-29
Let i(p) = -p**3 - 23*p**2 - 6240*p - 85588. What is i(-14)?
8
Let g(f) = -86*f**3 - 13*f**2 - 24*f - 3. What is g(-2)?
681
Let t(v) = -60*v**2 - 53*v - 99. Calculate t(-2).
-233
Let n(h) = h**3 + 14*h**2 + 15*h - 62. Determine n(-6).
136
Let v(a) = -608*a**2 + 9722*a + 80. Determine v(16).
-16
Let b(l) = l**2 + 6845*l - 68551. What is b(10)?
-1
Let j(a) = a**3 - 19*a**2 + 152*a - 2422. What is j(18)?
-10
Let j(g) = 2*g**3 + 223*g**2 + 6117*g - 314. Determine j(-49).
78
Let p(q) = q**3 + 30*q**2 + 41*q + 763. What is p(-32)?
-2597
Let q(f) = -2141*f + 72835. What is q(34)?